408. Calculate the highest common factor of 17 and b.
17
Let x(q) = 39*q**2 - 24*q + 65. Let m be x(3). Let f be (m/(-258))/((-8)/210). Calculate the greatest common factor of 5 and f.
5
Suppose -44*w = 203*w + 88*w - 9380. Let f be (-4 - -2) + 1 + -5. Let v(u) = -u + 1. Let q be v(f). What is the greatest common factor of w and q?
7
Let b be (0/(-4))/(2/(-1)). Suppose 4*n - 74 - 250 = b. Let x = -4101 - -4155. Calculate the highest common divisor of x and n.
27
Suppose -2*p - 2*p + 764 = 0. Suppose 5*j - p = 249. Calculate the highest common divisor of 11 and j.
11
Let r be -2 + (0 - -1) - -144. Let b = 15451 - 15440. Calculate the greatest common divisor of r and b.
11
Let x(q) = 88*q**2 + 4*q - 8. Let k be x(4). Suppose -k = 3*i - 15*i. Calculate the greatest common factor of 59 and i.
59
Let s(a) = -2*a**2 + 31*a + 47. Let r be s(16). Suppose 21*q = r*q - 240. What is the greatest common factor of q and 324?
12
Let n = 33 - 31. Suppose 8*j - n*j = 18. Suppose j*o - 80 = -4*h, -3*h + 4*h - 122 = -5*o. What is the greatest common divisor of o and 32?
8
Suppose -532 = -2*x - 4*n, 180*x - 2*n = 182*x - 532. Calculate the greatest common divisor of x and 252.
14
Suppose 20*w - 1303 = -923. Let l be 152/(5/((-45)/(-6))). Calculate the greatest common divisor of w and l.
19
Let j(p) = -p**3 - 59*p**2 + 67*p + 438. Let v be j(-60). Let i be (0 + -9)/3*-57. What is the highest common factor of v and i?
9
Let o be ((-1260)/16)/(-21)*4. Suppose -4*v - 3*l = -2475, -3*l - 1840 = -3*v - 2*l. Calculate the greatest common divisor of o and v.
15
Let q be 25*-2 - (-4 + 1). Let x be 12 + -9 - (2 + q). Suppose 0 = -11*w + 3*w + x. Calculate the highest common divisor of w and 21.
3
Suppose 2*s + 2*y = -1002, -3*s + 6*s = -y - 1501. Let x = 534 + s. Calculate the highest common factor of x and 119.
17
Let w be 6/27 + (5 + (-33608)/18)*-7. What is the highest common factor of 79 and w?
79
Suppose 657*y = -667*y + 1338*y - 37814. What is the greatest common factor of 111 and y?
37
Let w = 230 + -194. Suppose -5*g - 79 = -2*b, -4*g - 11 = -b + w. What is the greatest common factor of 63 and b?
9
Let a(j) = 49*j**3 + 87*j - 88. Let f be a(1). What is the greatest common factor of f and 12288?
48
Let d be (-674 - -5)/((-6)/8). Calculate the greatest common factor of 8 and d.
4
Let a be (2380/(-15))/(-6*10/90). What is the greatest common factor of 12 and a?
2
Suppose 608*h = 552*h + 224. Calculate the highest common factor of h and 4300.
4
Let a = -303 + 924. Let b = a + -572. Let l = 14 + -7. Calculate the highest common divisor of b and l.
7
Let q(a) = a**3 - 5*a**2 - 3*a + 15. Let o = 16 + -10. Let t be q(o). Suppose -t*p = -36*p + 42. Calculate the greatest common divisor of p and 168.
14
Let a = 6553 - 4463. What is the highest common divisor of a and 1881?
209
Let f = 75029 - 74405. Suppose 4*g = -0*g + 64. Calculate the highest common factor of g and f.
16
Suppose 4*u + 4*s - 385 - 823 = 0, 1220 = 4*u + 2*s. Calculate the highest common divisor of 2541 and u.
77
Let s(o) = 2*o**2 + 16*o - 2. Let l be s(-11). Suppose 5*z - l = 9*z. Let n be 1/(-4) - (644/z)/1. What is the greatest common factor of n and 20?
20
Suppose -t - 217 = -4*m, 27 = m - 3*t - 41. Suppose -m = 8*u - 485. Calculate the greatest common factor of u and 972.
54
Let s = 2390 + -1585. Calculate the highest common divisor of s and 345.
115
Let q(h) = -h**3 - 22*h**2 - 22*h + 36. Let w be q(-22). What is the highest common factor of 60 and w?
20
Let o(m) = 32*m + 54. Let k be o(48). Calculate the greatest common factor of 30 and k.
30
Let h = -21 + 24. Let l(b) = -4*b**3 - b**2 + 4*b - 5. Let a be l(2). Let g be a/(-39) - (37/13 - 3). What is the greatest common divisor of g and h?
1
Suppose 71668 = -142*t + 180*t. Calculate the highest common divisor of 205 and t.
41
Let d be (-3*(-32)/24 - (-6 - -5)) + 3228. What is the highest common divisor of 488 and d?
61
Let s(a) = a**3 + 11*a**2 - 5*a + 1. Suppose -9*z + 22 = 67. Let v be s(z). What is the greatest common factor of 24 and v?
8
Let s = -8472 + 8478. Suppose 2 + 4 = -3*v, -5*c - 5*v = 15. Let y be (-4)/(-1) + 3 + c. Calculate the greatest common factor of s and y.
6
Let v(d) = 362*d + 426. Let i be v(-1). What is the greatest common divisor of 2768 and i?
16
Suppose 428*f = 454*f - 8372. What is the highest common divisor of f and 14?
14
Let a(w) = w**2 + 24*w + 73. Let y be a(-21). Let d be (-4)/(-10) + 456/y. What is the highest common divisor of d and 207?
23
Let v be (33/(-2))/(-3)*10. Suppose -6*i - 49 = i. Let w(c) = -c**3 - 8*c**2 - 8*c + 15. Let l be w(i). Calculate the greatest common factor of l and v.
11
Suppose 104*o = 51*o + 9328. Calculate the greatest common divisor of 418 and o.
22
Suppose -9*v + 220 = -4*v. Suppose 25 = 5*i, 3*i - 7 = 13*t - 11*t. What is the highest common divisor of t and v?
4
Let u be ((-32)/(-72))/(8/(-36)). Let h(y) = 10*y**2 - 32*y - 69. Let q be h(u). What is the greatest common factor of q and 15?
5
Let l(v) = v - 8. Let y be l(4). Let d be (4/10)/(y/(-60)). Let i = -3 + d. Calculate the greatest common factor of 24 and i.
3
Suppose -j + 711 = 2*j. Suppose 5*r + 2*y = 379, 4*y = -36 + 4. Calculate the greatest common divisor of j and r.
79
Suppose 1234 = 15*s - 653 + 687. What is the greatest common divisor of s and 5290?
10
Let m(a) = 84*a - 1392. Let h be m(17). What is the greatest common factor of 2592 and h?
36
Let a be (-1 + 1)/(-2) - 36. Suppose -w + 10 = -66. Let o = w + a. What is the highest common divisor of 5 and o?
5
Let p(m) = 12*m**2 + 8*m + 30. Let d(t) = 4*t**3 + 2*t + 2. Let y be d(-1). Let n be p(y). Calculate the greatest common factor of n and 38.
38
Suppose 1255 + 1566 = 7*z. Let f be (-25294)/(-26) + 62/z. What is the highest common divisor of 7 and f?
7
Suppose 5835*g = 5836*g - 3*m - 192, 5*g - 2*m - 986 = 0. What is the greatest common divisor of 828 and g?
18
Let v = -31 - -79. Let n = 376 - 280. Calculate the greatest common factor of n and v.
48
Let b = 666 - 284. Suppose 8*n - 1794 = b. What is the greatest common divisor of 8 and n?
8
Suppose -4*q = -2*h + 22, 11 = -3*h - 4*q + 4. Suppose -g = h - 28. Suppose -l + 6*l = g. What is the highest common divisor of l and 1?
1
Let v = 433 - 194. Let d be 5 + (v - (0 - 1)). What is the highest common divisor of 7 and d?
7
Let y be 51 + 3*(-2)/(-3). Let r = -229 + 185. Let w = r + y. Calculate the highest common factor of 9 and w.
9
Let c(m) = -m**3 - m**2 + 73*m + 387. Let n be c(-7). Calculate the greatest common divisor of n and 35.
5
Let n = 6935 + -6963. Let q = 6 - -22. Let u = q - n. Calculate the greatest common factor of u and 8.
8
Let r = 199 + 177. Let h(k) = -k - 423. Let y be h(0). Let a be ((-8)/(-12))/((-6)/y). What is the greatest common factor of r and a?
47
Let n = -80 + 114. Let y(j) = -18*j - 128. Let w be y(0). Let f = -77 - w. Calculate the greatest common divisor of f and n.
17
Let h(f) = 3*f**2 - 7 - 3 + 15*f**3 + f + 2. Suppose -59 = 8*a - 65*a + 55. Let m be h(a). Calculate the greatest common factor of 18 and m.
18
Let b = 56 - -61. Let a(o) = -21*o**3 - 38*o**2 - 10*o + 3. Let s be a(-2). What is the greatest common factor of b and s?
39
Let m be -3 - 10/(-6)*49/((-2450)/(-180)). Let o(b) = -1 + 2 - 1 + 1 + 31*b. Let r be o(2). What is the highest common factor of r and m?
3
Suppose -8*g + 34*g - 9*g - 13889 = 0. What is the highest common divisor of 133 and g?
19
Suppose 7*k - 180 = 2*k. Let n(d) = -17 + k - 2*d + 13. Let q be n(14). What is the greatest common factor of 28 and q?
4
Let q(z) = -z**3 - 15*z**2 - 12*z + 9. Let h be q(-15). Let u = -155 + h. What is the highest common divisor of u and 68?
34
Let o(u) = -49*u**3 - u**2 - 2*u - 1. Let a be o(-1). Let v = 110 + -134. Let p be 28*(-6)/v*1. Calculate the highest common factor of a and p.
7
Suppose -5*v = -i + 5*i - 43, 2*i = v - 3. Suppose v*h - 257 = 79. Let r be 30 + -20 + 1*2. What is the highest common divisor of r and h?
12
Let n(a) = a**2 - 7*a + 17. Let f(h) = h**3 - 5*h**2 + 9*h - 8. Let o be f(4). Let v be n(o). Calculate the greatest common divisor of 7 and v.
7
Let s(w) be the third derivative of -w**5/60 - 5*w**4/24 + 19*w**3/3 + 72*w**2. Let a be s(4). What is the highest common divisor of a and 98?
2
Let i = 1 - -219